s the greatest common divisor of 138353 and 28380217?
4463
Calculate the highest common factor of 1007534 and 34276.
902
What is the greatest common divisor of 17327050 and 19760?
2470
Calculate the highest common factor of 76206033 and 3578.
1789
Calculate the greatest common factor of 5118 and 13171173.
2559
Calculate the highest common factor of 5024 and 719664.
16
What is the highest common divisor of 43065 and 2445?
15
Calculate the highest common factor of 480980 and 1580.
20
Calculate the highest common divisor of 1 and 3483125.
1
Calculate the highest common divisor of 96 and 566895968.
32
What is the highest common divisor of 5509683 and 1071?
153
What is the highest common divisor of 1472889 and 517?
11
Calculate the highest common factor of 2244 and 19658052.
204
What is the highest common factor of 4686731 and 3681?
409
Calculate the greatest common divisor of 61 and 868433393.
61
What is the greatest common factor of 4642552 and 1624?
232
What is the greatest common divisor of 85101533 and 979?
979
Calculate the greatest common divisor of 68893119 and 276.
69
What is the greatest common divisor of 63910 and 6512?
22
What is the highest common factor of 112775 and 29217747?
4511
What is the greatest common divisor of 150272 and 55178?
1174
Calculate the greatest common divisor of 3482 and 295139543.
1741
What is the greatest common divisor of 92 and 25229206?
46
Calculate the greatest common divisor of 93064200 and 100.
100
What is the greatest common factor of 4920 and 2646345?
615
Calculate the highest common factor of 3915 and 286955.
145
Calculate the greatest common factor of 1253265 and 208650.
195
Calculate the highest common factor of 12424114 and 122.
122
Calculate the greatest common divisor of 5014762 and 1094062.
3734
What is the greatest common divisor of 231 and 376358675?
77
What is the greatest common divisor of 170 and 21026620?
170
What is the greatest common divisor of 20411648 and 1280?
256
What is the greatest common factor of 59474 and 20247622?
262
Calculate the highest common divisor of 8970 and 16483870.
2990
What is the highest common divisor of 172861275 and 21825?
7275
Calculate the greatest common factor of 356762 and 553.
7
What is the highest common divisor of 1059972 and 798?
114
What is the highest common divisor of 1937 and 88737844?
1937
Calculate the greatest common divisor of 83143 and 2319826.
1363
Calculate the greatest common divisor of 632558 and 3590.
718
What is the highest common divisor of 4624 and 32432?
16
Calculate the greatest common factor of 30 and 151422.
6
What is the greatest common factor of 13025637 and 3065?
613
What is the greatest common divisor of 390 and 47484645?
195
Calculate the highest common divisor of 15537522 and 19866.
462
What is the highest common divisor of 5150121 and 95?
19
Calculate the highest common divisor of 28298539 and 4946.
2473
Calculate the greatest common factor of 78075282 and 1270.
254
What is the highest common divisor of 1910 and 252580?
10
What is the highest common divisor of 3294060 and 1680?
420
What is the greatest common divisor of 2017284 and 322?
46
What is the highest common divisor of 147569 and 1047484?
853
Calculate the greatest common divisor of 65375 and 117152.
523
Calculate the greatest common divisor of 6786607 and 164.
41
Calculate the greatest common divisor of 1650907626 and 678.
678
What is the highest common divisor of 125634193 and 179?
179
Calculate the highest common factor of 3492936 and 11775.
471
Calculate the greatest common factor of 6048413 and 17731.
119
Calculate the greatest common factor of 35468 and 916.
4
Calculate the greatest common divisor of 1468 and 15997897.
367
Calculate the greatest common factor of 10456 and 59753426.
2614
Calculate the greatest common factor of 471816 and 20232.
72
What is the highest common divisor of 58106 and 52156?
34
What is the highest common divisor of 370114152 and 24?
24
What is the greatest common factor of 221480 and 341260?
2260
What is the greatest common divisor of 851 and 565546517?
851
What is the greatest common factor of 252252 and 189684?
396
What is the greatest common divisor of 26164 and 347939?
211
What is the greatest common factor of 2303 and 151366649?
329
Calculate the highest common divisor of 1165100875 and 250.
125
Calculate the highest common factor of 331098165 and 14590.
7295
Calculate the highest common factor of 323103 and 18843.
33
Calculate the greatest common divisor of 1524 and 15944596.
508
What is the highest common divisor of 14293855 and 4590?
85
Calculate the highest common factor of 219 and 36348744.
219
What is the highest common factor of 2459601 and 45?
9
What is the greatest common divisor of 141427 and 1340009?
473
Calculate the highest common divisor of 257282 and 185968.
394
Calculate the greatest common factor of 9378 and 1903770.
18
Calculate the highest common divisor of 1468839727 and 131.
131
What is the highest common divisor of 6152762 and 33?
11
What is the highest common factor of 177862242 and 6978?
6978
What is the highest common divisor of 8643 and 2729253?
129
What is the highest common factor of 14656070 and 236060?
4070
What is the greatest common factor of 169287 and 1533?
219
Calculate the highest common factor of 1288 and 13189304.
184
Calculate the highest common factor of 850 and 9682775.
425
What is the greatest common factor of 2052 and 11604288?
228
What is the highest common divisor of 75057 and 415276?
197
What is the highest common factor of 108167983 and 11396?
2849
What is the greatest common factor of 240832 and 12283?
71
Calculate the greatest common divisor of 1026 and 231382.
38
What is the greatest common divisor of 19295 and 337127?
17
Calculate the greatest common divisor of 1370 and 314110.
10
What is the highest common divisor of 12 and 35376504?
12
What is the greatest common divisor of 51548 and 27048?
196
Calculate the greatest common factor of 392 and 136330838.
98
Calculate the greatest common divisor of 9712 and 11384.
8
What is the greatest common divisor of 22333493 and 3059?
133
What is the greatest common factor of 768691462 and 9988?
4994
What is the highest common divisor of 2453 and 7271?
11
Calculate the highest common divisor of 39 and 36722699.
13
What is the highest common factor of 950 and 14793300?
50
What is the greatest common divisor of 1711072681 and 5273?
5273
Calculate the greatest common factor of 107062 and 302356.
538
Calculate the greatest common divisor of 627354 and 411138.
1638
What is the greatest common divisor of 3060 and 3502748?
68
Calculate the highest common factor of 4743586192 and 8.
8
Calculate the highest common divisor of 840160 and 169990.
890
What is the highest common factor of 48869244 and 783?
27
What is the highest common factor of 3911 and 106680347?
3911
What is the highest common factor of 932308 and 1144?
52
Calculate the greatest common factor of 21257855 and 1195.
1195
Calculate the greatest common divisor of 4250 and 143664875.
2125
What is the highest common divisor of 231 and 35608034?
77
Calculate the greatest common factor of 1218 and 22473927.
609
Calculate the highest common divisor of 381131829 and 1283.
1283
What is the highest common factor of 1323678939 and 34?
17
What is the highest common divisor of 2592968 and 4256?
1064
What is the highest common factor of 7107384 and 1491?
213
What is the highest common divisor of 126 and 22287996?
18
What is the greatest common factor of 492 and 152107212?
492
Calculate the highest common divisor of 4016 and 590640.
16
Calculate the highest common factor of 156 and 121745442.
78
What is the greatest common factor of 973977 and 10476?
291
Calculate the greatest common divisor of 91879154 and 2038.
2038
What is the greatest common factor of 1119990 and 3700?
370
What is the greatest common factor of 145236786 and 211?
211
Calculate the highest common factor of 179 and 48999281.
179
Calculate the greatest common divisor of 144 and 803853.
9
Calculate the greatest common divisor of 132659 and 555122.
53
What is the greatest common divisor of 1407 and 164756886?
1407
What is the highest common divisor of 368 and 5260944?
16
Calculate the greatest common factor of 6167734 and 6021.
223
What